 6/h. Let k be (2 + 2)/((-1)/r). Calculate the greatest common divisor of 2 and k.
2
Let q be -3 - (1*-51)/1. Let h be (36/96)/((-19)/(-1064)). What is the greatest common divisor of q and h?
3
Suppose 0 = 3*k + i + 6 + 3, 5*i = -15. Let p be (-13)/((-5)/(k - 23)). Let y = -56 - p. Calculate the greatest common divisor of y and 1.
1
Let g(d) = -36*d - 254. Let s be g(-12). Let p = 183 - s. Calculate the highest common factor of 395 and p.
5
Let y be (23/5)/((-87)/15 - -6). Suppose 116 = 3*l + y. Suppose -z + 33 = 5*v - l, 4*z - 16 = 0. Calculate the highest common factor of 48 and v.
12
Let q = -489 + 494. Let p(u) = -u**3 + 7*u**2 - 3*u - 5. Let k be p(q). Calculate the highest common divisor of k and 240.
30
Let h = -96 + 96. Suppose 2*y - y - 14 = h. What is the highest common factor of 238 and y?
14
Suppose -48*c - 3*j + 22143 = -46*c, 11067 = c - 3*j. What is the greatest common factor of 54 and c?
54
Suppose 77*j + 6899 = 35466. Calculate the highest common factor of j and 212.
53
Let z(v) = 2*v**2 + 16*v - 3. Let c be z(-8). Let f(q) = 7*q + 41. Let l be f(c). What is the greatest common factor of 320 and l?
20
Suppose -2*w = -24 + 6. Let d be (-1)/((-1)/4*w/738). Let h = -230 + d. Calculate the highest common divisor of h and 14.
14
Suppose 4*x - 15 - 797 = 0. Let o = x + -191. Calculate the greatest common factor of 120 and o.
12
Let w be -2 + (-5 - -9) - -5. Suppose -3*g - 23 = -8*u + 3*u, 16 = -4*g + 3*u. Let k = g + w. What is the highest common divisor of k and 66?
6
Let y = 7621 - 7573. What is the greatest common divisor of y and 1440?
48
Suppose -3*z = -5*o + 2043, -3*o + 5*z - 773 = -1970. Calculate the greatest common divisor of o and 18.
18
Let a(n) = 14*n - 4. Let t be a(2). Suppose 0 = -t*g + 9*g + 300. Let j(v) = -81*v**3 - 1. Let q be j(-1). What is the greatest common factor of g and q?
20
Let i = -45 + 61. Let c(j) = -98*j - 1856. Let d be c(-20). What is the greatest common factor of d and i?
8
Let f be (4904 - 0)*(-23250)/(-3000). Calculate the greatest common divisor of 62 and f.
62
Let f be (305*(-8)/(-80))/(2/(-8)). Let l be ((-22)/(-3))/(f/(-183)). Let h(t) = -6*t - 1. Let g be h(-2). Calculate the highest common divisor of g and l.
11
Suppose 0 = -v + 3*v - 8. Suppose 3*x + 15 = -z - 2*x, -26 = -2*z + v*x. Suppose z*a - a - 576 = 0. What is the greatest common divisor of a and 18?
18
Let w(b) = 731*b**2 - 6*b - 3. Let q be w(-1). Let y = -274 + q. Calculate the highest common divisor of y and 60.
20
Let q = -121 + 205. Let a = 126 - q. Suppose 4*d = 5*d - 126. Calculate the greatest common divisor of d and a.
42
Let t(y) = -y**3 + 12*y**2 + 5*y + 33. Let l = -178 + 189. Let q be t(l). Calculate the highest common divisor of 22 and q.
11
Let d(t) = t**3 + 18*t**2 + 10*t + 8. Let k be d(-10). Let b(h) = -h**3 + 25*h**2 + 118*h + 1. Let v be b(29). Calculate the highest common divisor of v and k.
59
Let c(r) = 6*r**2 - 23*r - 22. Let y be c(-1). Let s = 151 - 18. Calculate the highest common factor of s and y.
7
Let c be 2 + 15/(-10) - (-3)/2. Suppose -m + 12 = -c*b + 5*b, m = 2*b - 3. Calculate the highest common divisor of m and 129.
3
Let n = 2269 - 1846. Calculate the highest common factor of n and 18.
9
Suppose 0 = -13*b - 5*b + 72. Let z = b + 149. Suppose 2*g = 3*t + z, -3*g - 3*t - t = -221. Calculate the greatest common factor of 50 and g.
25
Suppose -189 = -41*n + 20*n. Let h = -11 + 14. What is the highest common divisor of h and n?
3
Suppose 8*p - 1755 = -3*l + 4*p, -p - 6435 = -11*l. What is the highest common factor of l and 1365?
195
Suppose -454 - 24 = -23*z + 304. Calculate the greatest common factor of 1649 and z.
17
Suppose -274 = 52*p - 482. What is the greatest common divisor of p and 2372?
4
Let u be 7 - (-13)/(4 + -5). Let l(t) = -4*t + 88. Let m be l(u). What is the greatest common divisor of 7 and m?
7
Let r = -35160 + 38212. Calculate the highest common divisor of r and 28.
28
Suppose -34 = -29*x + 28*x. Suppose -36*u = -x*u - 4. Calculate the greatest common factor of u and 74.
2
Suppose -4 = -6*y + 4*y. Suppose 3*o - 5*n = -y*n - 15, -n = 4*o - 5. Let r be o - 90/(-8 + 5). What is the highest common divisor of 10 and r?
10
Let t be (-18)/(-21)*(-2352)/(-96). Calculate the greatest common factor of 12 and t.
3
Suppose -2756 = 232*j - 20156. Suppose -4*k - 4 = -4*y - 0*k, -5 = -2*y - k. Suppose -y*b = 3*b - j. What is the highest common divisor of 10 and b?
5
Let d be (27 + -26)/(2/130). What is the highest common divisor of d and 2015?
65
Suppose n - 17 = 2*c, n - 4*c - 61 = -4*n. Let q be 1 + 156 + (6 - n). What is the greatest common factor of 70 and q?
14
Let c be 1*2 - (-16 + 2598). Let v be 4/(-14) - c/210. What is the highest common divisor of v and 138?
6
Let v = 4646 + -4624. Calculate the highest common factor of 3839 and v.
11
Let u be (5/10)/((-2)/20). Let v = -68 - -80. Let c be (u/(-7 + v))/(1/(-75)). What is the greatest common divisor of c and 30?
15
Let g = -244 - -612. Suppose -6*m = -2*m - g. Suppose -124 - m = -3*l. What is the greatest common divisor of l and 9?
9
Suppose 34 = 2*c - 184. Let g = -58 + c. Calculate the highest common divisor of 85 and g.
17
Let f(u) = u**3 - 10*u**2 - 147*u + 82. Let s be f(18). What is the highest common divisor of 10864 and s?
28
Suppose -8*w + 12*w + 12 = 0. Let u = 1 - w. Let g be 47 + u*3/(-6). Calculate the greatest common factor of 9 and g.
9
Let p = -1243 + 3193. What is the highest common factor of p and 78?
78
Let v(z) = 5*z + 32. Suppose 0 = -t - 1 - 1. Let i be 5/((-10)/4) - t. Let u be v(i). Calculate the greatest common factor of u and 4.
4
Let o be 1012 + 3 + (-2 - -5) + -4. Suppose -v = v - o. Calculate the highest common factor of 39 and v.
39
Let g be 3/(12 + 0) + (-710)/(-8). Suppose 0 = -2*f - 5*w + 44, w - 5*w = -3*f + g. What is the highest common factor of 3 and f?
3
Suppose 0 = -5*t + 2*t - 2*p + 6, 0 = 5*t + 3*p - 9. Suppose -2*g - g - 9 = t. Let o be -8*4/g*3. What is the greatest common divisor of 32 and o?
32
Suppose -5*q - 346 = -3*u, 3*q = -u + 27 + 79. Let m be (-3 - 117/(-12))*56/3. What is the highest common factor of m and u?
14
Suppose 2*u + 2*t = 309 + 173, 4*u + 2*t = 970. Suppose -17*w + 266 = -u. Let z be 364/12 - 1/3. What is the greatest common factor of z and w?
30
Let b = 3854 - 3728. Suppose -66 = -2*q + 4*o, q = -2*o + 5*o + 36. What is the highest common divisor of q and b?
9
Let m = 19618 + -19570. What is the greatest common factor of m and 9312?
48
Let d be 3/((-12)/8) - -18. Let y = 26 - d. Let z = 12 + 28. Calculate the highest common factor of z and y.
10
Let x be 3*(-4)/4 - -7. Suppose x*r = -72 + 108. Let m(s) = s**2 - 3*s + 1. Let i be m(3). What is the greatest common divisor of r and i?
1
Suppose 4*l = 4*j - 912, -458 = -8*j + 6*j + 4*l. Let o = j + -58. Calculate the greatest common divisor of o and 39.
13
Let a(q) = 73*q - 2547. Let y(l) = 9*l - 364. Let b(u) = -2*a(u) + 15*y(u). Let m be b(-42). Let i = -11 + 23. Calculate the greatest common divisor of i and m.
12
Let h(p) = 2*p**2 - 54*p + 174. Let n be h(43). What is the greatest common divisor of n and 2170?
310
Let v be ((-4)/10)/(36/135)*-1266. Calculate the greatest common divisor of v and 9.
9
Suppose -n + 4*r = -3, -9*n + 5*n = -3*r + 40. Let x be 9/6*20/(-30)*n. Calculate the highest common divisor of 533 and x.
13
Suppose -7*d - 2*d = -1404. Let m = -102 + d. What is the greatest common divisor of m and 18?
18
Suppose 0 = 5*k + 5*l + 65, 5*l = -4*k - 0*l - 48. Let x = 19 + k. Let s = -44 - -46. What is the greatest common divisor of x and s?
2
Let g = -7734 + 11406. What is the highest common factor of 24 and g?
24
Let y(d) = 3*d**3 - 3*d**2 + 3*d - 2. Let n be y(2). Let q = 467 + -240. Let a = q - 83. What is the highest common divisor of a and n?
16
Suppose -5*o = 5*k - 100, o + 6*k = 2*k + 23. Let d be 1/(283/(-190) + (-36)/(-24)). Let w = d + -38. Calculate the greatest common factor of w and o.
19
Let h(j) = j**2 + 4*j - 464. Let k be h(-36). What is the greatest common divisor of k and 129?
43
Suppose 415*g - 168 = 412*g - 4*f, g = 4*f + 8. Calculate the greatest common factor of 17644 and g.
44
Let t be 689 - (-10 - (5 + -8)). What is the greatest common factor of 24 and t?
24
Let t(s) = s**3 - 35*s**2 + 